?
False
Does 55 divide 844525?
True
Does 464 divide 49909957?
False
Is 178 a factor of 596989772?
False
Is 1690030183 a multiple of 6174?
False
Is 20 a factor of 227193085?
False
Does 23 divide 37214539?
False
Is 1218 a factor of 9564954?
True
Does 14 divide 133466578?
True
Does 678 divide 24508775?
False
Is 5813567 a multiple of 31?
False
Is 49 a factor of 45242680?
True
Is 6 a factor of 210750356?
False
Does 1463 divide 891035761?
True
Does 1819 divide 8353371?
False
Does 7 divide 5348609?
True
Does 347 divide 82102388?
False
Does 13 divide 115772345?
True
Is 225591125 a multiple of 31?
False
Is 599 a factor of 117889789?
True
Does 27 divide 298064477?
False
Is 1380 a factor of 60761400?
True
Is 3098552 even?
True
Is 1668 a factor of 15085392?
True
Is 52 a factor of 408970723?
False
Is 1319305818 a multiple of 241?
True
Is 252427175 a multiple of 325?
True
Does 6 divide 35932565?
False
Is 4718659464 a multiple of 7?
False
Is 96429871 a multiple of 226?
False
Does 656 divide 52806688?
True
Is 257793792 a multiple of 29?
False
Does 2 divide 4125244?
True
Is 65 a factor of 172662723?
False
Is 3703 a factor of 388244173?
False
Does 19 divide 935582359?
False
Is 33 a factor of 187774007?
False
Does 455 divide 12957490?
True
Is 2152 a factor of 137596728?
True
Is 65794625 a multiple of 19?
True
Is 11 a factor of 53108750?
False
Is 7941396529 a multiple of 11759?
False
Is 110421221 a multiple of 54?
False
Is 473 a factor of 45504492?
True
Is 281465470 a multiple of 65?
True
Is 72 a factor of 178192944?
True
Does 5 divide 2065873470?
True
Is 1796 a factor of 7042116?
True
Is 39 a factor of 63683899?
False
Is 20531794 a multiple of 277?
True
Is 297220043 a multiple of 31?
False
Does 10 divide 171439379?
False
Is 359 a factor of 22554111?
False
Is 2507695 a multiple of 2?
False
Does 56 divide 62307483?
False
Is 1398 a factor of 4091946?
True
Is 16 a factor of 102888830?
False
Is 235930440 a multiple of 2740?
True
Does 385 divide 63499205?
True
Does 6 divide 33407537?
False
Is 291 a factor of 1258635803?
False
Is 15 a factor of 8780964007?
False
Is 656542040 a multiple of 55?
True
Is 22 a factor of 59447518?
False
Does 792 divide 673611296?
False
Does 3230 divide 3152562434?
False
Is 170284422 a multiple of 2166?
True
Does 2 divide 35098251?
False
Does 14 divide 501843748?
True
Is 25 a factor of 97485285?
False
Is 32 a factor of 7167968?
True
Does 41 divide 82787200?
True
Does 4 divide 21072077?
False
Is 150 a factor of 567992203?
False
Is 47353608 a multiple of 1928?
True
Is 19 a factor of 25900140?
False
Does 15 divide 17420790?
True
Is 47 a factor of 420489921?
False
Does 7 divide 57283279?
False
Is 5 a factor of 446260045?
True
Is 52414208 a multiple of 896?
True
Is 195 a factor of 173848350?
True
Is 804929416 a multiple of 1201?
True
Is 21 a factor of 3959697?
True
Is 422 a factor of 15140626?
False
Does 7 divide 2326474?
False
Is 3975850 a multiple of 10?
True
Is 53 a factor of 37521310?
False
Is 146083095 a multiple of 27?
True
Is 38554509 a multiple of 11?
False
Is 612115287 a multiple of 21?
True
Is 42 a factor of 1198807893?
False
Does 46 divide 124501360?
False
Is 1653 a factor of 182929604?
False
Does 2 divide 14120775?
False
Is 2090115744 a multiple of 5752?
True
Is 26 a factor of 9386916?
False
Is 123949875 a multiple of 161?
True
Does 169 divide 724477481?
True
Is 8 a factor of 17175464?
True
Is 552215570 a multiple of 347?
False
Does 4 divide 19253853?
False
Is 26 a factor of 108721450?
False
Does 55 divide 1191073282?
False
Is 256 a factor of 88744643?
False
Is 3143393 a multiple of 10?
False
Does 4126 divide 1101208770?
True
Does 216 divide 3105759872?
False
Is 4987 a factor of 2552416418?
True
Is 26 a factor of 39055068?
True
Is 29 a factor of 5957104244?
False
Does 298 divide 160441114?
True
Is 18998474 a multiple of 12?
False
Does 87 divide 378569705?
False
Does 51 divide 92191935?
True
Is 12055800 a multiple of 426?
True
Does 4 divide 80474236?
True
Does 159 divide 143908020?
False
Does 12 divide 128006?
False
Is 942555 a multiple of 93?
True
Does 4758 divide 1138418112?
True
Does 19 divide 628492255?
False
Is 3233 a factor of 1233056029?
False
Does 564 divide 90131712?
True
Is 4384727913 a multiple of 1279?
True
Is 338297008 a multiple of 112?
True
Is 23477732 a multiple of 20?
False
Does 355 divide 132074555?
True
Is 288286306 a multiple of 2287?
False
Does 9 divide 564199304?
False
Does 417 divide 28669698?
False
Does 680 divide 645383349?
False
Does 712 divide 377192069?
False
Is 683 a factor of 885946796?
False
Is 73 a factor of 524464412?
True
Is 1060909575 a multiple of 15?
True
Is 821136530 a multiple of 342?
False
Is 462095040 a multiple of 4?
True
Does 247 divide 232249160?
True
Does 18 divide 142086740?
False
Is 65472587 a multiple of 400?
False
Is 1856 a factor of 230156992?
True
Does 64 divide 109013696?
True
Does 582 divide 2029158714?
True
Is 713 a factor of 49791642?
True
Does 173 divide 344881036?
True
Is 186 a factor of 212416302?
False
Does 5152 divide 195285471?
False
Does 8 divide 38442688?
True
Is 17 a factor of 40465252?
False
Is 363567744 a multiple of 61?
False
Is 5398804354 a multiple of 41?
False
Is 388260180 a multiple of 1386?
True
Is 444134248 a multiple of 2624?
False
Is 12911097 a multiple of 93?
True
Is 18447824 a multiple of 666?
False
Is 7 a factor of 19539968?
True
Is 43734900 a multiple of 1828?
True
Is 52 a factor of 5465720?
True
Is 3744 a factor of 1281358803?
False
Is 63633816 a multiple of 216?
True
Is 323578423 a multiple of 1859?
False
Is 4 a factor of 30888344?
True
Is 17 a factor of 1531481585?
False
Does 123 divide 587366328?
True
Does 52 divide 14982828?
False
Is 2491256263 a multiple of 79?
False
Is 4293731 a multiple of 28?
False
Does 85 divide 869740145?
True
Is 3198 a factor of 57403243?
False
Does 101 divide 389109782?
False
Is 60 a factor of 9559620?
True
Is 33027909 a multiple of 57?
True
Is 508 a factor of 90312852?
False
Is 1154 a factor of 247897664?
True
Does 134 divide 48698985?
False
Does 48 divide 20745120?
True
Is 66 a factor of 140132778?
False
Is 119151556 a multiple of 254?
False
Does 5 divide 24901816?
False
Is 543559442 a multiple of 199?
False
Is 189592721 a multiple of 197?
False
Is 133384737 a multiple of 17?
True
Is 2790 a factor of 130781250?
True
Is 61 a factor of 5616880?
True
Is 4810206532 a multiple of 1724?
True
Does 5761 divide 244955207?
False
Is 329 a factor of 194624510?
False
Does 319 divide 259443976?
True
Does 13 divide 1248395642?
True
Is 181 a factor of 118590295?
True
Is 961234219 a multiple of 123?
False
Is 55609702 a multiple of 17?
False
Does 334 divide 52184828?
True
Does 15 divide 202937277?
False
Is 111 a factor of 13000917?
False
Does 44 divide 628259646?
False
Does 4955 divide 1684189635?
True
Does 4415 divide 1189354809?
False
Is 79091944 a multiple of 2270?
False
Is 391228679 a multiple of 82?
False
Is 592 a factor of 57272108?
False
Is 40 a factor of 2041019720?
True
Is 116476653 a multiple of 933?
True
Is 3737 a factor of 580045245?
False
Does 21 divide 158216683?
False
Is 5 a factor of 201025097?
False
Is 3837 a factor of 191793686?
False
Is 3014005 a multiple of 5?
True
Is 55754816 a multiple of 608?
True
Is 7 a factor of 2631467?
False
Is 64 a factor of 757712505?
False
Does 3 divide 6691512?
True
Does 4120 divide 656851600?
True
Is 18156386 a multiple of 1466?
False
Is 125 a factor of 38357252?
False
Is 1657 a factor of 30089214?
False
Is 761 a factor of 2415414?
True
Is 1263 a factor of 16685841?
False
Does 22 divide 104295678?
False
Does 597 divide 19143402?
True
Does 42 divide 51595992?
True
Is 1385075548 a multiple of 54?
False
Is 40778917 a multiple of 24?
False
Is 8 a factor of 5973094?
False
Is 131198667 a multiple of 141?
True
Does 12 divide 12752736?
True
Is 3591149 a multiple of 41?
True
Is 407132734 a multiple of 31?
True
Is 512 a factor of 142702601?
False
Is 4 a factor of 46623051?
False
Is 239323033 a multiple of 711?
False
Is 171983724 a multiple of 1371?
True
Is 667845 a multiple of 27?
True
Is 1092090008 a multiple of 8?
True
Does 29 divide 56282706?
False
Is 2592840 a multiple of 120?
True
Is 8180320 a multiple of 860?
True
Does 10 divide 314853879?
False
Does 30 divide 798102523?
False
Is 31829064 a multi